{"id":6,"date":"2017-04-03T07:49:18","date_gmt":"2017-04-03T07:49:18","guid":{"rendered":"http:\/\/begeistert.info\/erneuerung\/?page_id=6"},"modified":"2019-12-17T16:01:00","modified_gmt":"2019-12-17T15:01:00","slug":"was-ist-die-charismatische-erneuerung","status":"publish","type":"page","link":"https:\/\/begeistert.info\/erneuerung\/was-ist-die-charismatische-erneuerung\/","title":{"rendered":"Was ist die Charismatische Erneuerung?"},"content":{"rendered":"<h3 class=\"post-title entry-title\">Was ist die CE?<\/h3>\n<div id=\"post-body-2683742136951801318\" class=\"post-body entry-content\">\n<div class=\"separator\"><\/div>\n<div>Ein neues Pfingsten!<\/p>\n<p>Papst Leo XIII. weihte das anbrechende 20. Jahrhundert dem Heiligen Geist. Gott schenkte als Antwort einen neuen geistlichen Aufbruch, der die Katholische Kirche \u2013 und andere christliche Kirchen &#8211; Ende der 1960er Jahre erreichte.<\/p><\/div>\n<div><\/div>\n<div>Menschen erfahren diesen Aufbruch als ein Geschenk des Heiligen Geistes, als ein neues pers\u00f6nliches Pfingsten. Auf der ganzen Welt bezeugen Millionen von Christen, dass sie eine neue lebendige Gottesbeziehung gefunden haben.<\/p>\n<div>\n<div>\n<blockquote class=\"tr_bq\"><p><b>Dieser Aufbruch wird\u00a0<\/b><b>in der Katholischen Kirche\u00a0<\/b><b>Charismatische Erneuerung\u00a0<\/b><b>\u2013 kurz \u201eCE\u201c \u2013 genannt.<\/b><\/p><\/blockquote>\n<\/div>\n<p>Menschen erfahren, dass &#8230;<\/p>\n<ul>\n<li><b>Gott<\/b> sie pers\u00f6nlich kennt und liebt.<\/li>\n<li><b>Gott<\/b> ihnen Kraft f\u00fcr die Bew\u00e4ltigung des Alltags schenkt.<\/li>\n<li><b>Gott <\/b>durch Gebet und Sakramente an ihnen handelt.<\/li>\n<li><b>Gott<\/b> ihnen eine neue Liebe zur Kirche schenkt.<\/li>\n<li><b>Gottes Geist<\/b> sie mit F\u00e4higkeiten und Gaben beschenkt, um Jesus Christus zu verk\u00fcnden, die Einheit der Christen zu f\u00f6rdern und eine Zivilisation der Gerechtigkeit und der Liebe mit aufzubauen.<\/li>\n<\/ul>\n<div><\/div>\n<div>Viele Christen, die f\u00fcr ihr Leben und f\u00fcr die Kirche eine grundlegende Erneuerung aus dem Geist Gottes ersehnen, haben in der Charismatischen Erneuerung Heimat und Perspektive gefunden.<\/p>\n<\/div>\n<div><\/div>\n<div>\n<blockquote class=\"tr_bq\"><p><b>Die Charismatische Erneuerung wird auch von vielen Christen als eine Antwort auf die bedr\u00e4ngenden Krisen der Kirche und des Glaubens verstanden \u2013 denn:<\/b><\/p><\/blockquote>\n<\/div>\n<div>\n<ul>\n<li><b>Gott<\/b> erh\u00e4lt einen v\u00f6llig neuen Stellenwert im Leben des Einzelnen.<\/li>\n<li><b>Kirchenferne und kirchlich engagierte Menschen<\/b> erleben die Gegenwart Gottes und das st\u00e4rkende Miteinander der Gemeinschaft.<\/li>\n<li><b>Die Bibel <\/b>erh\u00e4lt neue Aktualit\u00e4t und neue Bedeutung im Leben und f\u00fcr den Alltag.<\/li>\n<li><b>Christliche Werte<\/b> gewinnen an Bedeutung und werden zu einem tragf\u00e4higen Fundament.<\/li>\n<li><b>Menschen erfahren<\/b> durch die Ber\u00fchrung des Heiligen Geistes eine positive Ver\u00e4nderung auf ihrem Lebensweg.<\/li>\n<\/ul>\n<div><\/div>\n<p>Charismatisch?<\/p>\n<div>\n<div><\/div>\n<p>Das griechische Wort \u201echarisma\u201c bedeutet \u201eGnadengabe, Geschenk\u201c. Charismatische Erneuerung meint also zun\u00e4chst einmal eine von Gott geschenkte Erneuerung. Charismen sind aber auch pers\u00f6nliche Gaben des Geistes. So benennen der 1. Korintherbrief ( Kap. 12-14 ) und der R\u00f6merbrief ( Kap. 12 ) eine Vielzahl von Gaben, die der Heilige Geist schenkt:<\/p><\/div>\n<\/div>\n<div><\/div>\n<div>Erkenntnis vermitteln, prophetisch reden, in neuen Sprachen beten, heilen, tr\u00f6sten, ermahnen, lehren, Barmherzigkeit \u00fcben und vieles mehr. Solche Gaben werden auch heute zum pers\u00f6nlichen Wachstum und zum Dienst am Anderen gegeben.<\/p>\n<\/div>\n<blockquote class=\"tr_bq\"><p><b>Charismatische Erneuerung meint somit auch eine Erneuerung durch die Annahme der Charismen und das Leben mit ihnen.<\/b><\/p><\/blockquote>\n<p>Die CE sucht das von Gott Empfangene in die Kirche und die Gesellschaft einzubringen, um so zu deren Erneuerung beizutragen.<\/p>\n<blockquote class=\"tr_bq\"><p><b>Die Charismatische Erneuerung in der Katholischen Kirche ist eine offene Bewegung, ohne formelle Mitgliedschaft.<\/b><\/p><\/blockquote>\n<p>Charismatische Erneuerung in \u00d6sterreich und S\u00fcdtirol*<\/p>\n<p>Die Charismatische Erneuerung hat, seitdem sie Anfang der 1970er Jahre nach \u00d6sterreich und S\u00fcdtirol kam, viele Christen ber\u00fchrt. Daraus sind unter anderem neue geistliche Gemeinschaften, Gruppen und Bewegungen entstanden, in denen sich heute regelm\u00e4\u00dfig katholisch-charismatische Christen aller Altersgruppen treffen.<\/p>\n<div><\/div>\n<div>\n<div>\u00a0*Das deutschsprachige S\u00fcdtirol ist aufgrund der gemeinsamen Sprache Teil der CE-\u00d6sterreich<\/p>\n<div><\/div>\n<div><\/div>\n<div>\u201eIhr, die Charismatische Erneuerungsbewegung,<\/div>\n<div>habt ein gro\u00dfes Geschenk vom Herrn erhalten.<\/div>\n<div>Ihr seid aus einem Willen des Heiligen Geistes hervorgegangen als<\/div>\n<div>ein Strom der Gnade in der Kirche und f\u00fcr die Kirche.<\/div>\n<div>Das ist eure Definition: ein Strom der Gnade. [&#8230;]<\/div>\n<div>Ihr habt das gro\u00dfe Geschenk der Vielfalt der Charismen erhalten, der Vielfalt, die zur Harmonie des Heiligen Geistes f\u00fchrt, zum Dienst an der Kirche.\u201c<\/div>\n<div><\/div>\n<div><i>Papst Franziskus, 1. Juni 2014<\/i><\/div>\n<\/div>\n<\/div>\n<\/div>\n<\/div>\n<\/div>\n","protected":false},"excerpt":{"rendered":"<p>Was ist die CE? Ein neues Pfingsten! Papst Leo XIII. weihte das anbrechende 20. Jahrhundert dem Heiligen Geist. Gott schenkte als Antwort einen neuen geistlichen Aufbruch, der die Katholische Kirche \u2013 und andere christliche Kirchen &#8211; Ende der 1960er Jahre erreichte. Menschen erfahren diesen Aufbruch als ein Geschenk des Heiligen&#8230;<\/p>\n<div class=\"more-link-wrapper\"><a class=\"more-link\" href=\"https:\/\/begeistert.info\/erneuerung\/was-ist-die-charismatische-erneuerung\/\">Weiterlesen<span class=\"screen-reader-text\">Was ist die Charismatische Erneuerung?<\/span><\/a><\/div>\n","protected":false},"author":1,"featured_media":0,"parent":0,"menu_order":0,"comment_status":"closed","ping_status":"closed","template":"","meta":{"iawp_total_views":439,"footnotes":""},"class_list":["post-6","page","type-page","status-publish","hentry","entry"],"_links":{"self":[{"href":"https:\/\/begeistert.info\/erneuerung\/wp-json\/wp\/v2\/pages\/6","targetHints":{"allow":["GET"]}}],"collection":[{"href":"https:\/\/begeistert.info\/erneuerung\/wp-json\/wp\/v2\/pages"}],"about":[{"href":"https:\/\/begeistert.info\/erneuerung\/wp-json\/wp\/v2\/types\/page"}],"author":[{"embeddable":true,"href":"https:\/\/begeistert.info\/erneuerung\/wp-json\/wp\/v2\/users\/1"}],"replies":[{"embeddable":true,"href":"https:\/\/begeistert.info\/erneuerung\/wp-json\/wp\/v2\/comments?post=6"}],"version-history":[{"count":5,"href":"https:\/\/begeistert.info\/erneuerung\/wp-json\/wp\/v2\/pages\/6\/revisions"}],"predecessor-version":[{"id":1395,"href":"https:\/\/begeistert.info\/erneuerung\/wp-json\/wp\/v2\/pages\/6\/revisions\/1395"}],"wp:attachment":[{"href":"https:\/\/begeistert.info\/erneuerung\/wp-json\/wp\/v2\/media?parent=6"}],"curies":[{"name":"wp","href":"https:\/\/api.w.org\/{rel}","templated":true}]}}